{"id":1175,"date":"2020-07-20T17:41:07","date_gmt":"2020-07-20T15:41:07","guid":{"rendered":"https:\/\/jeanjacquesmandel.com\/fr\/?post_type=collection&#038;p=1175"},"modified":"2020-07-21T18:16:17","modified_gmt":"2020-07-21T16:16:17","slug":"lobi-personnage-bras-leves","status":"publish","type":"collection","link":"https:\/\/jeanjacquesmandel.com\/fr\/collection\/lobi-personnage-bras-leves\/","title":{"rendered":"Lobi, personnage bras lev\u00e9s"},"content":{"rendered":"<p>[vc_row css_animation=\u00a0\u00bb\u00a0\u00bb row_type=\u00a0\u00bbrow\u00a0\u00bb use_row_as_full_screen_section=\u00a0\u00bbno\u00a0\u00bb type=\u00a0\u00bbfull_width\u00a0\u00bb angled_section=\u00a0\u00bbno\u00a0\u00bb text_align=\u00a0\u00bbleft\u00a0\u00bb background_image_as_pattern=\u00a0\u00bbwithout_pattern\u00a0\u00bb][vc_column width=\u00a0\u00bb1\/2&Prime;][vc_column_text css=\u00a0\u00bb.vc_custom_1595259990406{margin-bottom: 40px !important;}\u00a0\u00bb]ETHNIE: LOBI<\/p>\n<p>PAYS : BURKINAFASO<br \/>\nMATERIAUX : Bois<\/p>\n<p>DIMENSION : H 50 L 31 cm<br \/>\nDATATION ESTIMEE : 2<sup>\u00e8me<\/sup> moiti\u00e9 XX<sup>e<\/sup> s<\/p>\n<p>&nbsp;<\/p>\n<p>PROVENANCE : collection personnelle, collect\u00e9 in-situ<\/p>\n<p>Inv : GJJM 0119[\/vc_column_text][vc_column_text]Chez les Lobi, sur la demande d\u2019un devin, tout homme adulte peut sculpter une statue destin\u00e9e au bien-\u00eatre du groupe familial ou pour conjurer des p\u00e9riodes difficiles comme les guerres, les mauvaises r\u00e9coltes, les \u00e9pid\u00e9mies \u2026 Cela peut \u00eatre des repr\u00e9sentations d\u2019anc\u00eatres ou des pi\u00e8ces particuli\u00e8res aux bras lev\u00e9s. Ces derni\u00e8res sont des statues propiatoires dont les bras implorent le divin de venir en aide au groupe. G\u00e9n\u00e9ralement l\u2019ensemble de la statuaire est d\u00e9pos\u00e9e dans une grotte et surveill\u00e9e par un pr\u00eatre qui les nourrit r\u00e9guli\u00e8rement de libations et de sacrifices.<\/p>\n<p>L&rsquo;art lobi fascine et inspire par sa diversit\u00e9 de styles, c\u2019est pourquoi on le retrouve dans les grandes collections comme celle de l\u2019artiste allemand Georg Bazelitz\u2026<\/p>\n<p>[\/vc_column_text][\/vc_column][vc_column width=\u00a0\u00bb1\/2&Prime;][vc_column_text][\/vc_column_text][\/vc_column][\/vc_row]<\/p>\n","protected":false},"featured_media":1164,"template":"","categorie_collection":[4],"acf":[],"_links":{"self":[{"href":"https:\/\/jeanjacquesmandel.com\/fr\/wp-json\/wp\/v2\/collection\/1175"}],"collection":[{"href":"https:\/\/jeanjacquesmandel.com\/fr\/wp-json\/wp\/v2\/collection"}],"about":[{"href":"https:\/\/jeanjacquesmandel.com\/fr\/wp-json\/wp\/v2\/types\/collection"}],"wp:featuredmedia":[{"embeddable":true,"href":"https:\/\/jeanjacquesmandel.com\/fr\/wp-json\/wp\/v2\/media\/1164"}],"wp:attachment":[{"href":"https:\/\/jeanjacquesmandel.com\/fr\/wp-json\/wp\/v2\/media?parent=1175"}],"wp:term":[{"taxonomy":"categorie_collection","embeddable":true,"href":"https:\/\/jeanjacquesmandel.com\/fr\/wp-json\/wp\/v2\/categorie_collection?post=1175"}],"curies":[{"name":"wp","href":"https:\/\/api.w.org\/{rel}","templated":true}]}}

Lobi, personnage bras levés

<p>[vc_row css_animation= » » row_type= »row » use_row_as_full_screen_section= »no » type= »full_width » angled_section= »no » text_align= »left » background_image_as_pattern= »without_pattern »][vc_column width= »1/2&Prime;][vc_column_text css= ».vc_custom_1595259990406{margin-bottom: 40px !important;} »]ETHNIE: LOBI</p>
<p>PAYS : BURKINAFASO<br />
MATERIAUX : Bois</p>
<p>DIMENSION : H 50 L 31 cm<br />
DATATION ESTIMEE : 2<sup>ème</sup> moitié XX<sup>e</sup> s</p>
<p>&nbsp;</p>
<p>PROVENANCE : collection personnelle, collecté in-situ</p>
<p>Inv : GJJM 0119[/vc_column_text][vc_column_text]Chez les Lobi, sur la demande d’un devin, tout homme adulte peut sculpter une statue destinée au bien-être du groupe familial ou pour conjurer des périodes difficiles comme les guerres, les mauvaises récoltes, les épidémies … Cela peut être des représentations d’ancêtres ou des pièces particulières aux bras levés. Ces dernières sont des statues propiatoires dont les bras implorent le divin de venir en aide au groupe. Généralement l’ensemble de la statuaire est déposée dans une grotte et surveillée par un prêtre qui les nourrit régulièrement de libations et de sacrifices.</p>
<p>L&rsquo;art lobi fascine et inspire par sa diversité de styles, c’est pourquoi on le retrouve dans les grandes collections comme celle de l’artiste allemand Georg Bazelitz…</p>
<p>[/vc_column_text][/vc_column][vc_column width= »1/2&Prime;][vc_column_text][/vc_column_text][/vc_column][/vc_row]</p>
