{"id":2628,"date":"2020-09-03T19:21:06","date_gmt":"2020-09-03T17:21:06","guid":{"rendered":"https:\/\/jeanjacquesmandel.com\/fr\/?post_type=collection&#038;p=2628"},"modified":"2020-09-03T19:21:06","modified_gmt":"2020-09-03T17:21:06","slug":"gustave-cahoreau-0223-vers-1930","status":"publish","type":"collection","link":"https:\/\/jeanjacquesmandel.com\/fr\/collection\/gustave-cahoreau-0223-vers-1930\/","title":{"rendered":"GUSTAVE CAHOREAU, 0223, vers 1930"},"content":{"rendered":"<p>[vc_row css_animation=\u00a0\u00bb\u00a0\u00bb row_type=\u00a0\u00bbrow\u00a0\u00bb use_row_as_full_screen_section=\u00a0\u00bbno\u00a0\u00bb type=\u00a0\u00bbfull_width\u00a0\u00bb angled_section=\u00a0\u00bbno\u00a0\u00bb text_align=\u00a0\u00bbleft\u00a0\u00bb background_image_as_pattern=\u00a0\u00bbwithout_pattern\u00a0\u00bb][vc_column width=\u00a0\u00bb1\/2&Prime;][vc_column_text css=\u00a0\u00bb.vc_custom_1599153615448{margin-bottom: 40px !important;}\u00a0\u00bb]ARTISTE: Gustave CAHOREAU<\/p>\n<p>PAYS : FRANCE<br \/>\nMATERIAUX : Pastel gras sur papier dessin<\/p>\n<p>DIMENSION : H 32 L 24 cm<\/p>\n<p>DATATION ESTIMEE : 2<sup>\u00e8me<\/sup> moiti\u00e9 XX<sup>e<\/sup> s<\/p>\n<p>&nbsp;<\/p>\n<p>PROVENANCE\u00a0 \u00a0 collection personnelle<\/p>\n<p>Inv :GJJM 0223[\/vc_column_text][vc_column_text]Gustave Cahoreau est autodidacte, enfant et pauvre, il travaille comme domestique dans les fermes de sa r\u00e9gion natale, la Mayenne.<\/p>\n<p>Vers 1963, apr\u00e8s un s\u00e9jour \u00e0 l\u2019h\u00f4pital psychiatrique, il commence \u00e0 ramasser des pierres et des racines aux formes \u00e9tranges qu\u2019il se met \u00e0 sculpter.<\/p>\n<p>&nbsp;<\/p>\n<p>Avec la d\u00e9couverte de l\u2019Art N\u00e8gre dans un livre offert par l\u2019instituteur de son village, il amorce une s\u00e9rie de sculptures sur bois de r\u00e9cup\u00e9ration.<\/p>\n<p>Madeleine Lommel et Michel Nedjar d\u00e9couvriront son \u0153uvre et l\u2019exposeront. Depuis 1998, Gustave Cahoreau r\u00e9side \u00e0 la maison de retraite d\u2019Evron o\u00f9 il dessine sur des cahiers d\u2019\u00e9coliers et sculpte en cachette dans le b\u00fbcher.<\/p>\n<p>&nbsp;<\/p>\n<p><em>Ce dessin sur papier d\u2019arche au pastel gras, repr\u00e9sente probablement un autoportrait. <\/em>[\/vc_column_text][\/vc_column][vc_column width=\u00a0\u00bb1\/2&Prime;][vc_column_text]\n\t\t \t<div class=\"item\" style=\"padding:    ;\">            \n\t      <div class=\"clearfix\" >\n\n\t        <ul id=\"gwts-gwl-img-gallery2625\" class=\"gwts-gwl-slidergal list-unstyled cS-hidden\" data-litebx=\"false\">\n\t\t\t\t    \n\t\t\t\t\t \t\t<li data-thumb=\"https:\/\/jeanjacquesmandel.com\/wp-content\/uploads\/2020\/09\/5N7B9793-150x150.jpg\" data-responsive=\"https:\/\/jeanjacquesmandel.com\/wp-content\/uploads\/2020\/09\/5N7B9793-150x150.jpg\" data-src=\"https:\/\/jeanjacquesmandel.com\/wp-content\/uploads\/2020\/09\/5N7B9793.jpg\" class=\"\"> \n              \t<img src=\"https:\/\/jeanjacquesmandel.com\/wp-content\/uploads\/2020\/09\/5N7B9793.jpg\" alt=\"\" \/>\n              \t\t              <\/li>\n\t\t\t\t\t \t\t\t\t\t\t<\/ul>\n\t\t\t\t<\/div>\n\t\t\t<\/div>\n\n\t\t\t\t\t\t<style type=\"text\/css\">\n\t\t\t\t.lg .lg-sub-html{\n\t\t\t\t\tdisplay: none !important;\n\t\t\t\t}\n\t\t\t<\/style>\n\t\t\t\n\t\t\t<style type=\"text\/css\">\n\t\t\t\t.lSSlideOuter .lSSlideWrapper ul li img{\n\t\t\t\t  width: 100%;\n\t\t\t\t}\n\t\t\t<\/style>\n\n\t\t\t\t\t\t\t<script>\n\t\t    \tjQuery(document).ready(function() {\n\t\t\t\t\tvar setting_download = '';\n\t\t        jQuery('#gwts-gwl-img-gallery2625').lightSlider({\n              item:1,\t\t                \n              slideMargin:10,\n              addClass:'',\n              speed:500,\n              pause:2000,\n              auto:false,\n              loop:false,\n              pager:true,\n              gallery:true,\n              thumbItem:9,\n\t    \t  controls:true,\n\t    \t   \t\t\t\t\t\t\t\n\t    \t\t\t\tresponsive : [\n\t\t            {\n\t                breakpoint:800,\n\t                settings: {\n                    item:1,\n                    slideMove:1,\n                  }\n\t\t            },\n\t\t            {\n\t                breakpoint:641,\n\t                settings: {\n                    item:1,\n                    slideMove:1,\n                  }\n\t\t            },\n\t\t            {\n\t                breakpoint:480,\n\t                settings: {\n                    item:1,\n                    slideMove:1,\n                  }\n\t\t            },\t\t\t\t\t\t           \n\t\t\t\t\t\t  ],\n\t    \t\t\t\t\tuseCSS: true,\n\t        \t\t\tcssEasing: 'ease',\n\t        \t\t\teasing: 'linear',\n\t        \t\t\tkeyPress: false,\n\t        \t\t\tslideEndAnimation: true,\n\t        \t\t\tswipeThreshold: 40,        \t\t\t\n\t\t              \tonSliderLoad: function(el) {\n\t\t\t\t\t\t\tjQuery('#gwts-gwl-img-gallery2625').removeClass('cS-hidden');\n\t\t\t\t\t\t\tjQuery('#gwts-gwl-img-gallery2625').addClass('gwts-loaded');\n\t\t\t\t\t\t\t\n\t\t\t\t\t\t\tvar lithbox = jQuery('#gwts-gwl-img-gallery2625').attr(\"data-litebx\");\n\t\t\t\t\t\t\tif(lithbox=='true'){\n\t\t\t\t\t\t\t\tel.lightGallery({\n\t\t\t\t\t\t\t\t\tdownload: setting_download,\n\t\t\t\t\t\t\t\t\tselector: '#gwts-gwl-img-gallery2625 .lslide'\n\t\t\t\t\t\t\t\t});\n\t\t\t\t\t\t\t}\t\n\t\t              \t}  \n\t\t\t        });\n\t\t\t\t\t});\n\t\t    \t\t\t\t<\/script>\n\t\t [\/vc_column_text][\/vc_column][\/vc_row]<\/p>\n","protected":false},"featured_media":2626,"template":"","categorie_collection":[3],"acf":[],"_links":{"self":[{"href":"https:\/\/jeanjacquesmandel.com\/fr\/wp-json\/wp\/v2\/collection\/2628"}],"collection":[{"href":"https:\/\/jeanjacquesmandel.com\/fr\/wp-json\/wp\/v2\/collection"}],"about":[{"href":"https:\/\/jeanjacquesmandel.com\/fr\/wp-json\/wp\/v2\/types\/collection"}],"wp:featuredmedia":[{"embeddable":true,"href":"https:\/\/jeanjacquesmandel.com\/fr\/wp-json\/wp\/v2\/media\/2626"}],"wp:attachment":[{"href":"https:\/\/jeanjacquesmandel.com\/fr\/wp-json\/wp\/v2\/media?parent=2628"}],"wp:term":[{"taxonomy":"categorie_collection","embeddable":true,"href":"https:\/\/jeanjacquesmandel.com\/fr\/wp-json\/wp\/v2\/categorie_collection?post=2628"}],"curies":[{"name":"wp","href":"https:\/\/api.w.org\/{rel}","templated":true}]}}

<p>[vc_row css_animation= » » row_type= »row » use_row_as_full_screen_section= »no » type= »full_width » angled_section= »no » text_align= »left » background_image_as_pattern= »without_pattern »][vc_column width= »1/2&Prime;][vc_column_text css= ».vc_custom_1599153615448{margin-bottom: 40px !important;} »]ARTISTE: Gustave CAHOREAU</p>
<p>PAYS : FRANCE<br />
MATERIAUX : Pastel gras sur papier dessin</p>
<p>DIMENSION : H 32 L 24 cm</p>
<p>DATATION ESTIMEE : 2<sup>ème</sup> moitié XX<sup>e</sup> s</p>
<p>&nbsp;</p>
<p>PROVENANCE    collection personnelle</p>
<p>Inv :GJJM 0223[/vc_column_text][vc_column_text]Gustave Cahoreau est autodidacte, enfant et pauvre, il travaille comme domestique dans les fermes de sa région natale, la Mayenne.</p>
<p>Vers 1963, après un séjour à l’hôpital psychiatrique, il commence à ramasser des pierres et des racines aux formes étranges qu’il se met à sculpter.</p>
<p>&nbsp;</p>
<p>Avec la découverte de l’Art Nègre dans un livre offert par l’instituteur de son village, il amorce une série de sculptures sur bois de récupération.</p>
<p>Madeleine Lommel et Michel Nedjar découvriront son œuvre et l’exposeront. Depuis 1998, Gustave Cahoreau réside à la maison de retraite d’Evron où il dessine sur des cahiers d’écoliers et sculpte en cachette dans le bûcher.</p>
<p>&nbsp;</p>
<p><em>Ce dessin sur papier d’arche au pastel gras, représente probablement un autoportrait. </em>[/vc_column_text][/vc_column][vc_column width= »1/2&Prime;][vc_column_text]
		 	<div class="item" style="padding:    ;">            
	      <div class="clearfix" >

	        <ul id="gwts-gwl-img-gallery2625" class="gwts-gwl-slidergal list-unstyled cS-hidden" data-litebx="false">
				    
					 		<li data-thumb="https://jeanjacquesmandel.com/wp-content/uploads/2020/09/5N7B9793-150x150.jpg" data-responsive="https://jeanjacquesmandel.com/wp-content/uploads/2020/09/5N7B9793-150x150.jpg" data-src="https://jeanjacquesmandel.com/wp-content/uploads/2020/09/5N7B9793.jpg" class=""> 
              	<img src="https://jeanjacquesmandel.com/wp-content/uploads/2020/09/5N7B9793.jpg" alt="" />
              		              </li>
					 						</ul>
				</div>
			</div>

						<style type="text/css">
				.lg .lg-sub-html{
					display: none !important;
				}
			</style>
			
			<style type="text/css">
				.lSSlideOuter .lSSlideWrapper ul li img{
				  width: 100%;
				}
			</style>

							<script>
		    	jQuery(document).ready(function() {
					var setting_download = '';
		        jQuery('#gwts-gwl-img-gallery2625').lightSlider({
              item:1,		                
              slideMargin:10,
              addClass:'',
              speed:500,
              pause:2000,
              auto:false,
              loop:false,
              pager:true,
              gallery:true,
              thumbItem:9,
	    	  controls:true,
	    	   							
	    				responsive : [
		            {
	                breakpoint:800,
	                settings: {
                    item:1,
                    slideMove:1,
                  }
		            },
		            {
	                breakpoint:641,
	                settings: {
                    item:1,
                    slideMove:1,
                  }
		            },
		            {
	                breakpoint:480,
	                settings: {
                    item:1,
                    slideMove:1,
                  }
		            },						           
						  ],
	    					useCSS: true,
	        			cssEasing: 'ease',
	        			easing: 'linear',
	        			keyPress: false,
	        			slideEndAnimation: true,
	        			swipeThreshold: 40,        			
		              	onSliderLoad: function(el) {
							jQuery('#gwts-gwl-img-gallery2625').removeClass('cS-hidden');
							jQuery('#gwts-gwl-img-gallery2625').addClass('gwts-loaded');
							
							var lithbox = jQuery('#gwts-gwl-img-gallery2625').attr("data-litebx");
							if(lithbox=='true'){
								el.lightGallery({
									download: setting_download,
									selector: '#gwts-gwl-img-gallery2625 .lslide'
								});
							}	
		              	}  
			        });
					});
		    				</script>
		 [/vc_column_text][/vc_column][/vc_row]</p>
