{"id":730,"date":"2020-05-31T16:31:50","date_gmt":"2020-05-31T14:31:50","guid":{"rendered":"https:\/\/jeanjacquesmandel.com\/fr\/?post_type=collection&#038;p=730"},"modified":"2020-05-31T16:31:50","modified_gmt":"2020-05-31T14:31:50","slug":"gerard-sendrey-dessin-original-sur-tapuscrit","status":"publish","type":"collection","link":"https:\/\/jeanjacquesmandel.com\/fr\/collection\/gerard-sendrey-dessin-original-sur-tapuscrit\/","title":{"rendered":"G\u00e9rard Sendrey, dessin original sur tapuscrit"},"content":{"rendered":"<p>[vc_row css_animation=\u00a0\u00bb\u00a0\u00bb row_type=\u00a0\u00bbrow\u00a0\u00bb use_row_as_full_screen_section=\u00a0\u00bbno\u00a0\u00bb type=\u00a0\u00bbfull_width\u00a0\u00bb angled_section=\u00a0\u00bbno\u00a0\u00bb text_align=\u00a0\u00bbleft\u00a0\u00bb background_image_as_pattern=\u00a0\u00bbwithout_pattern\u00a0\u00bb][vc_column width=\u00a0\u00bb1\/2&Prime;][vc_column_text css=\u00a0\u00bb.vc_custom_1590935466596{margin-bottom: 40px !important;}\u00a0\u00bb]ARTISTE : G\u00e9rard SENDREY<br \/>\nPAYS : France<br \/>\nMATERIAUX : Technique mixte sur papier<\/p>\n<p>TITRE : \u00a0\u00bb Coup droit d\u00e9crois\u00e9\u00a0\u00a0\u00bb<br \/>\nDIMENSION : H 29,7 L 21 cm<br \/>\nDATE : 2<sup>\u00e8me<\/sup> moiti\u00e9 XX<sup>e<\/sup> s<\/p>\n<p>Inv : GJJM 0268[\/vc_column_text][vc_column_text]Cofondateur du Mus\u00e9e de la Cr\u00e9ation Franche G\u00e9rard Sendrey s\u2019adonne au dessin et \u00e0 la peinture depuis sa petite enfance. C\u2019est \u00e0 l\u2019\u00e2ge de trente-neuf ans qu\u2019il va y consacrer tout son temps libre.<br \/>\nSa production est tr\u00e8s importante. Il exp\u00e9rimente toutes sortes de techniques, de l\u2019encre de Chine \u00e0 la peinture, du pastel \u00e0 la mine de plomb, jusqu\u2019au simple stylo \u00e0 bille et au calame. Il peint sur toile, mais son support privil\u00e9gi\u00e9 reste le papier. Il travaille par s\u00e9ries avec une pr\u00e9f\u00e9rence pour les petits et moyens formats. Il r\u00e9alise des portraits, des sortes de\u00ab tricotages \u00bb, des sc\u00e8nes de genre, des paysages, des animaux fantastiques, des formations de mondes originels, des personnages de la mythologie grecque, des danseurs, etc.[\/vc_column_text][\/vc_column][vc_column width=\u00a0\u00bb1\/2&Prime;][vc_single_image image=\u00a0\u00bb728&Prime; img_size=\u00a0\u00bbfull\u00a0\u00bb alignment=\u00a0\u00bbcenter\u00a0\u00bb onclick=\u00a0\u00bblink_image\u00a0\u00bb qode_css_animation=\u00a0\u00bb\u00a0\u00bb][\/vc_column][\/vc_row]<\/p>\n","protected":false},"featured_media":728,"template":"","categorie_collection":[3],"acf":[],"_links":{"self":[{"href":"https:\/\/jeanjacquesmandel.com\/fr\/wp-json\/wp\/v2\/collection\/730"}],"collection":[{"href":"https:\/\/jeanjacquesmandel.com\/fr\/wp-json\/wp\/v2\/collection"}],"about":[{"href":"https:\/\/jeanjacquesmandel.com\/fr\/wp-json\/wp\/v2\/types\/collection"}],"wp:featuredmedia":[{"embeddable":true,"href":"https:\/\/jeanjacquesmandel.com\/fr\/wp-json\/wp\/v2\/media\/728"}],"wp:attachment":[{"href":"https:\/\/jeanjacquesmandel.com\/fr\/wp-json\/wp\/v2\/media?parent=730"}],"wp:term":[{"taxonomy":"categorie_collection","embeddable":true,"href":"https:\/\/jeanjacquesmandel.com\/fr\/wp-json\/wp\/v2\/categorie_collection?post=730"}],"curies":[{"name":"wp","href":"https:\/\/api.w.org\/{rel}","templated":true}]}}

Gérard Sendrey, dessin original sur tapuscrit

<p>[vc_row css_animation= » » row_type= »row » use_row_as_full_screen_section= »no » type= »full_width » angled_section= »no » text_align= »left » background_image_as_pattern= »without_pattern »][vc_column width= »1/2&Prime;][vc_column_text css= ».vc_custom_1590935466596{margin-bottom: 40px !important;} »]ARTISTE : Gérard SENDREY<br />
PAYS : France<br />
MATERIAUX : Technique mixte sur papier</p>
<p>TITRE :  » Coup droit décroisé  »<br />
DIMENSION : H 29,7 L 21 cm<br />
DATE : 2<sup>ème</sup> moitié XX<sup>e</sup> s</p>
<p>Inv : GJJM 0268[/vc_column_text][vc_column_text]Cofondateur du Musée de la Création Franche Gérard Sendrey s’adonne au dessin et à la peinture depuis sa petite enfance. C’est à l’âge de trente-neuf ans qu’il va y consacrer tout son temps libre.<br />
Sa production est très importante. Il expérimente toutes sortes de techniques, de l’encre de Chine à la peinture, du pastel à la mine de plomb, jusqu’au simple stylo à bille et au calame. Il peint sur toile, mais son support privilégié reste le papier. Il travaille par séries avec une préférence pour les petits et moyens formats. Il réalise des portraits, des sortes de« tricotages », des scènes de genre, des paysages, des animaux fantastiques, des formations de mondes originels, des personnages de la mythologie grecque, des danseurs, etc.[/vc_column_text][/vc_column][vc_column width= »1/2&Prime;][vc_single_image image= »728&Prime; img_size= »full » alignment= »center » onclick= »link_image » qode_css_animation= » »][/vc_column][/vc_row]</p>
