{"id":237,"date":"2020-05-11T16:56:27","date_gmt":"2020-05-11T14:56:27","guid":{"rendered":"https:\/\/jeanjacquesmandel.com\/?page_id=237"},"modified":"2020-05-11T16:57:32","modified_gmt":"2020-05-11T14:57:32","slug":"mentions-legales","status":"publish","type":"page","link":"https:\/\/jeanjacquesmandel.com\/fr\/mentions-legales\/","title":{"rendered":"Mentions l\u00e9gales"},"content":{"rendered":"<p>[vc_row css_animation=\u00a0\u00bb\u00a0\u00bb row_type=\u00a0\u00bbrow\u00a0\u00bb use_row_as_full_screen_section=\u00a0\u00bbno\u00a0\u00bb type=\u00a0\u00bbfull_width\u00a0\u00bb angled_section=\u00a0\u00bbno\u00a0\u00bb text_align=\u00a0\u00bbleft\u00a0\u00bb background_image_as_pattern=\u00a0\u00bbwithout_pattern\u00a0\u00bb][vc_column][vc_column_text]<\/p>\n<h1 style=\"text-align: center;\">Mentions l\u00e9gales<\/h1>\n<p>[\/vc_column_text][\/vc_column][\/vc_row][vc_row css_animation=\u00a0\u00bb\u00a0\u00bb row_type=\u00a0\u00bbrow\u00a0\u00bb use_row_as_full_screen_section=\u00a0\u00bbno\u00a0\u00bb type=\u00a0\u00bbfull_width\u00a0\u00bb angled_section=\u00a0\u00bbno\u00a0\u00bb text_align=\u00a0\u00bbleft\u00a0\u00bb background_image_as_pattern=\u00a0\u00bbwithout_pattern\u00a0\u00bb css=\u00a0\u00bb.vc_custom_1589209050290{margin-top: 50px !important;}\u00a0\u00bb z_index=\u00a0\u00bb\u00a0\u00bb][vc_column][vc_column_text]<strong>INFORMATIONS LEGALES<\/strong><\/p>\n<p>Galerie Jean-Jacques MANDEL<br \/>\nParis, France<br \/>\nT\u00e9l : + 33 (0) 603 124 911<br \/>\nJeanjacques.mandel@gmail.com[\/vc_column_text][\/vc_column][\/vc_row][vc_row css_animation=\u00a0\u00bb\u00a0\u00bb row_type=\u00a0\u00bbrow\u00a0\u00bb use_row_as_full_screen_section=\u00a0\u00bbno\u00a0\u00bb type=\u00a0\u00bbfull_width\u00a0\u00bb angled_section=\u00a0\u00bbno\u00a0\u00bb text_align=\u00a0\u00bbleft\u00a0\u00bb background_image_as_pattern=\u00a0\u00bbwithout_pattern\u00a0\u00bb css=\u00a0\u00bb.vc_custom_1589208849873{margin-top: 50px !important;}\u00a0\u00bb z_index=\u00a0\u00bb\u00a0\u00bb][vc_column][vc_column_text]<strong>H\u00c9BERGEMENT<\/strong><\/p>\n<p>CTS \u2013 MAGIC ONLINE SA, soci\u00e9t\u00e9 au capital de 102.840 \u20ac immatricul\u00e9e sous le num\u00e9ro 378 499 073 RCS Bobigny et dont le si\u00e8ge social est situ\u00e9 \u00e0 Montreuil sous Bois (93100), 130-134 avenue du Pr\u00e9sident Wilson<br \/>\nT\u00e9l. +33.1.41.58.22.50<br \/>\nFax. +33.1.56.72.93.30<br \/>\nEmail : info@magic.fr[\/vc_column_text][\/vc_column][\/vc_row][vc_row css_animation=\u00a0\u00bb\u00a0\u00bb row_type=\u00a0\u00bbrow\u00a0\u00bb use_row_as_full_screen_section=\u00a0\u00bbno\u00a0\u00bb type=\u00a0\u00bbfull_width\u00a0\u00bb angled_section=\u00a0\u00bbno\u00a0\u00bb text_align=\u00a0\u00bbleft\u00a0\u00bb background_image_as_pattern=\u00a0\u00bbwithout_pattern\u00a0\u00bb css=\u00a0\u00bb.vc_custom_1589208849873{margin-top: 50px !important;}\u00a0\u00bb z_index=\u00a0\u00bb\u00a0\u00bb][vc_column][vc_column_text]<strong>CR\u00c9DITS<\/strong><\/p>\n<p>Cr\u00e9ation Internet et D\u00e9veloppement Web : Samy Gueye &#8211; <a href=\"https:\/\/www.sameye.fr\" target=\"_blank\" rel=\"noopener noreferrer\">www.sameye.fr<\/a><\/p>\n<p>Ce site internet a \u00e9t\u00e9 r\u00e9alis\u00e9 en utilisant la solution open-source WordPress.[\/vc_column_text][\/vc_column][\/vc_row]<\/p>\n","protected":false},"excerpt":{"rendered":"<p>[vc_row css_animation=\u00a0\u00bb\u00a0\u00bb row_type=\u00a0\u00bbrow\u00a0\u00bb use_row_as_full_screen_section=\u00a0\u00bbno\u00a0\u00bb type=\u00a0\u00bbfull_width\u00a0\u00bb angled_section=\u00a0\u00bbno\u00a0\u00bb text_align=\u00a0\u00bbleft\u00a0\u00bb background_image_as_pattern=\u00a0\u00bbwithout_pattern\u00a0\u00bb][vc_column][vc_column_text] Mentions l\u00e9gales [\/vc_column_text][\/vc_column][\/vc_row][vc_row css_animation=\u00a0\u00bb\u00a0\u00bb row_type=\u00a0\u00bbrow\u00a0\u00bb use_row_as_full_screen_section=\u00a0\u00bbno\u00a0\u00bb type=\u00a0\u00bbfull_width\u00a0\u00bb angled_section=\u00a0\u00bbno\u00a0\u00bb text_align=\u00a0\u00bbleft\u00a0\u00bb background_image_as_pattern=\u00a0\u00bbwithout_pattern\u00a0\u00bb css=\u00a0\u00bb.vc_custom_1589209050290{margin-top: 50px !important;}\u00a0\u00bb z_index=\u00a0\u00bb\u00a0\u00bb][vc_column][vc_column_text]INFORMATIONS LEGALES Galerie Jean-Jacques MANDEL Paris, France T\u00e9l : + 33 (0) 603 124 911 Jeanjacques.mandel@gmail.com[\/vc_column_text][\/vc_column][\/vc_row][vc_row css_animation=\u00a0\u00bb\u00a0\u00bb row_type=\u00a0\u00bbrow\u00a0\u00bb use_row_as_full_screen_section=\u00a0\u00bbno\u00a0\u00bb type=\u00a0\u00bbfull_width\u00a0\u00bb angled_section=\u00a0\u00bbno\u00a0\u00bb text_align=\u00a0\u00bbleft\u00a0\u00bb background_image_as_pattern=\u00a0\u00bbwithout_pattern\u00a0\u00bb css=\u00a0\u00bb.vc_custom_1589208849873{margin-top:&#8230;<\/p>\n","protected":false},"author":1,"featured_media":0,"parent":0,"menu_order":0,"comment_status":"closed","ping_status":"closed","template":"","meta":[],"acf":[],"_links":{"self":[{"href":"https:\/\/jeanjacquesmandel.com\/fr\/wp-json\/wp\/v2\/pages\/237"}],"collection":[{"href":"https:\/\/jeanjacquesmandel.com\/fr\/wp-json\/wp\/v2\/pages"}],"about":[{"href":"https:\/\/jeanjacquesmandel.com\/fr\/wp-json\/wp\/v2\/types\/page"}],"author":[{"embeddable":true,"href":"https:\/\/jeanjacquesmandel.com\/fr\/wp-json\/wp\/v2\/users\/1"}],"replies":[{"embeddable":true,"href":"https:\/\/jeanjacquesmandel.com\/fr\/wp-json\/wp\/v2\/comments?post=237"}],"version-history":[{"count":2,"href":"https:\/\/jeanjacquesmandel.com\/fr\/wp-json\/wp\/v2\/pages\/237\/revisions"}],"predecessor-version":[{"id":239,"href":"https:\/\/jeanjacquesmandel.com\/fr\/wp-json\/wp\/v2\/pages\/237\/revisions\/239"}],"wp:attachment":[{"href":"https:\/\/jeanjacquesmandel.com\/fr\/wp-json\/wp\/v2\/media?parent=237"}],"curies":[{"name":"wp","href":"https:\/\/api.w.org\/{rel}","templated":true}]}}

Mentions légales

<p>[vc_row css_animation= » » row_type= »row » use_row_as_full_screen_section= »no » type= »full_width » angled_section= »no » text_align= »left » background_image_as_pattern= »without_pattern »][vc_column][vc_column_text]</p>
<h1 style="text-align: center;">Mentions légales</h1>
<p>[/vc_column_text][/vc_column][/vc_row][vc_row css_animation= » » row_type= »row » use_row_as_full_screen_section= »no » type= »full_width » angled_section= »no » text_align= »left » background_image_as_pattern= »without_pattern » css= ».vc_custom_1589209050290{margin-top: 50px !important;} » z_index= » »][vc_column][vc_column_text]<strong>INFORMATIONS LEGALES</strong></p>
<p>Galerie Jean-Jacques MANDEL<br />
Paris, France<br />
Tél : + 33 (0) 603 124 911<br />
Jeanjacques.mandel@gmail.com[/vc_column_text][/vc_column][/vc_row][vc_row css_animation= » » row_type= »row » use_row_as_full_screen_section= »no » type= »full_width » angled_section= »no » text_align= »left » background_image_as_pattern= »without_pattern » css= ».vc_custom_1589208849873{margin-top: 50px !important;} » z_index= » »][vc_column][vc_column_text]<strong>HÉBERGEMENT</strong></p>
<p>CTS – MAGIC ONLINE SA, société au capital de 102.840 € immatriculée sous le numéro 378 499 073 RCS Bobigny et dont le siège social est situé à Montreuil sous Bois (93100), 130-134 avenue du Président Wilson<br />
Tél. +33.1.41.58.22.50<br />
Fax. +33.1.56.72.93.30<br />
Email : info@magic.fr[/vc_column_text][/vc_column][/vc_row][vc_row css_animation= » » row_type= »row » use_row_as_full_screen_section= »no » type= »full_width » angled_section= »no » text_align= »left » background_image_as_pattern= »without_pattern » css= ».vc_custom_1589208849873{margin-top: 50px !important;} » z_index= » »][vc_column][vc_column_text]<strong>CRÉDITS</strong></p>
<p>Création Internet et Développement Web : Samy Gueye &#8211; <a href="https://www.sameye.fr" target="_blank" rel="noopener noreferrer">www.sameye.fr</a></p>
<p>Ce site internet a été réalisé en utilisant la solution open-source WordPress.[/vc_column_text][/vc_column][/vc_row]</p>

<p>[vc_row css_animation= » » row_type= »row » use_row_as_full_screen_section= »no » type= »full_width » angled_section= »no » text_align= »left » background_image_as_pattern= »without_pattern »][vc_column][vc_column_text] Mentions légales [/vc_column_text][/vc_column][/vc_row][vc_row css_animation= » » row_type= »row » use_row_as_full_screen_section= »no » type= »full_width » angled_section= »no » text_align= »left » background_image_as_pattern= »without_pattern » css= ».vc_custom_1589209050290{margin-top: 50px !important;} » z_index= » »][vc_column][vc_column_text]INFORMATIONS LEGALES Galerie Jean-Jacques MANDEL Paris, France Tél : + 33 (0) 603 124 911 Jeanjacques.mandel@gmail.com[/vc_column_text][/vc_column][/vc_row][vc_row css_animation= » » row_type= »row » use_row_as_full_screen_section= »no » type= »full_width » angled_section= »no » text_align= »left » background_image_as_pattern= »without_pattern » css= ».vc_custom_1589208849873{margin-top:&#8230;</p>
